{"id":198,"date":"2023-12-01T16:35:17","date_gmt":"2023-12-01T16:35:17","guid":{"rendered":"https:\/\/cas-airsoft.at\/?page_id=198"},"modified":"2024-03-14T07:14:52","modified_gmt":"2024-03-14T07:14:52","slug":"impressum","status":"publish","type":"page","link":"https:\/\/cas-airsoft.at\/?page_id=198","title":{"rendered":"Impressum"},"content":{"rendered":"<p>[et_pb_section fb_built=&#8220;1&#8243; admin_label=&#8220;Header&#8220; _builder_version=&#8220;4.16&#8243; global_colors_info=&#8220;{}&#8220;][et_pb_row _builder_version=&#8220;4.16&#8243; global_colors_info=&#8220;{}&#8220;][et_pb_column type=&#8220;4_4&#8243; _builder_version=&#8220;4.16&#8243; global_colors_info=&#8220;{}&#8220;][et_pb_text _builder_version=&#8220;4.16&#8243; header_font=&#8220;Prata||||||||&#8220; header_text_align=&#8220;center&#8220; header_text_color=&#8220;#000000&#8243; header_font_size=&#8220;120px&#8220; header_line_height=&#8220;1.2em&#8220; header_font_size_tablet=&#8220;60px&#8220; header_font_size_phone=&#8220;35px&#8220; header_font_size_last_edited=&#8220;on|phone&#8220; global_colors_info=&#8220;{}&#8220;]<\/p>\n<h1>Impressum<\/h1>\n<p>[\/et_pb_text][\/et_pb_column][\/et_pb_row][\/et_pb_section][et_pb_section fb_built=&#8220;1&#8243; custom_padding_last_edited=&#8220;on|phone&#8220; admin_label=&#8220;Contact Info&#8220; _builder_version=&#8220;4.16&#8243; use_background_color_gradient=&#8220;on&#8220; background_color_gradient_stops=&#8220;#1f1f26 0%|rgba(31,31,38,0.56) 100%&#8220; background_color_gradient_overlays_image=&#8220;on&#8220; background_color_gradient_start=&#8220;#1f1f26&#8243; background_color_gradient_end=&#8220;rgba(31,31,38,0.56)&#8220; background_image=&#8220;http:\/\/cas-airsoft.at\/wp-content\/uploads\/2023\/12\/upholsterer-64.jpg&#8220; z_index=&#8220;11&#8243; width=&#8220;80%&#8220; max_width=&#8220;1080px&#8220; module_alignment=&#8220;center&#8220; custom_padding=&#8220;100px|100px|100px|100px|true|true&#8220; custom_padding_tablet=&#8220;30px|30px|30px|30px|true|true&#8220; custom_padding_phone=&#8220;20px|20px|20px|20px|true|true&#8220; animation_style=&#8220;slide&#8220; animation_direction=&#8220;bottom&#8220; animation_duration=&#8220;700ms&#8220; animation_intensity_slide=&#8220;2%&#8220; global_colors_info=&#8220;{}&#8220;][et_pb_row _builder_version=&#8220;4.23.1&#8243; width=&#8220;100%&#8220; max_width=&#8220;100%&#8220; locked=&#8220;off&#8220; global_colors_info=&#8220;{}&#8220;][et_pb_column type=&#8220;4_4&#8243; _builder_version=&#8220;4.23.1&#8243; global_colors_info=&#8220;{}&#8220;][et_pb_text _builder_version=&#8220;4.23.1&#8243; header_2_font=&#8220;Prata||||||||&#8220; header_2_line_height=&#8220;1.8em&#8220; header_4_font=&#8220;|700||on|||||&#8220; header_4_text_color=&#8220;#bea88f&#8220; header_4_font_size=&#8220;12px&#8220; header_4_letter_spacing=&#8220;2.6px&#8220; header_4_line_height=&#8220;1.6em&#8220; background_layout=&#8220;dark&#8220; header_2_font_size_tablet=&#8220;24px&#8220; header_2_font_size_phone=&#8220;22px&#8220; header_2_font_size_last_edited=&#8220;on|phone&#8220; locked=&#8220;off&#8220; global_colors_info=&#8220;{}&#8220;]<\/p>\n<p><strong>Informationspflicht laut \u00a75 E-Commerce Gesetz, \u00a714 Unternehmensgesetzbuch, \u00a763 Gewerbeordnung und Offenlegungspflicht laut \u00a725 Mediengesetz<\/strong><\/p>\n<p><span><\/span><\/p>\n<p class=\"u-align-justify u-text u-text-2\"><strong>Carinthia Alpine Shooters<\/strong><br \/>ZVR:\u00a01663264399<\/p>\n<p>Neulandstra\u00dfe 16, T\u00fcr 13,<br \/>9800 Spittal an der Drau,<br \/>\u00d6sterreich<\/p>\n<p><strong>Organsch<\/strong><strong>aftliche<\/strong><strong> Vertreter<\/strong><br \/>Obmann\/Obfrau: Efferl Rene<br \/>Obmann\/Obfrau Stellvertreter: Vilgut David<\/p>\n<p><span>Vereinssitz:\u00a0<\/span>9800 Spittal an der Drau<br \/><span>E-Mail:<\/span>\u00a0<a href=\"mailto:office@carinthiaalpineshooters.at\" class=\"u-active-none u-border-none u-btn u-button-link u-button-style u-hover-none u-none u-text-active-grey-25 u-text-hover-custom-color-2 u-text-white u-btn-1\">office@carinthiaalpineshooters.at<\/a><\/p>\n<p><span>Zust\u00e4ndige Beh\u00f6rde:<\/span>\u00a0BH Spittal an der Drau<\/p>\n<p>&nbsp;<\/p>\n<p>&nbsp;<\/p>\n<p>&nbsp;<\/p>\n<p>&nbsp;<\/p>\n<section class=\"u-black u-clearfix u-section-3\" id=\"sec-469e\">\n<div class=\"u-clearfix u-sheet u-sheet-1\">\n<h5 class=\"u-text u-text-1\">EU-STREITSCHLICHTUNG<\/h5>\n<p class=\"u-text u-text-2\">Gem\u00e4\u00df Verordnung \u00fcber Online-Streitbeilegung in Verbraucherangelegenheiten (ODR-Verordnung) m\u00f6chten wir Sie \u00fcber die Online-Streitbeilegungsplattform (OS-Plattform) informieren.<br \/>Verbraucher haben die M\u00f6glichkeit, Beschwerden an die Online Streitbeilegungsplattform der Europ\u00e4ischen Kommission unter\u00a0<a href=\"https:\/\/ec.europa.eu\/consumers\/odr\/main\/index.cfm?event=main.home2.show&amp;lng=DE\" target=\"_blank\" rel=\"nofollow noopener\" class=\"u-active-none u-border-none u-btn u-button-style u-hover-none u-none u-text-palette-1-base u-btn-1\">http:\/\/ec.europa.eu\/odr?tid=221115879<\/a>\u00a0zu richten.\u00a0<br \/>Die daf\u00fcr notwendigen Kontaktdaten finden Sie oberhalb in unserem Impressum.<\/p>\n<p>Wir m\u00f6chten Sie jedoch darauf hinweisen, dass wir nicht bereit oder verpflichtet sind, an Streitbeilegungsverfahren vor einer Verbraucherschlichtungsstelle teilzunehmen.<\/p>\n<p class=\"u-text u-text-2\">\n<p class=\"u-text u-text-2\">\n<\/div>\n<\/section>\n<section class=\"u-black u-clearfix u-section-4\" id=\"carousel_7e58\">\n<div class=\"u-clearfix u-sheet u-sheet-1\">\n<h5 class=\"u-text u-text-1\">HAFTUNG F\u00dcR INHALTE DIESER WEBSEITE<\/h5>\n<p class=\"u-text u-text-2\">Wir entwickeln die Inhalte dieser Webseite st\u00e4ndig weiter und bem\u00fchen uns korrekte und aktuelle Informationen bereitzustellen. Leider k\u00f6nnen wir keine Haftung f\u00fcr die Korrektheit aller Inhalte auf dieser Webseite \u00fcbernehmen, speziell f\u00fcr jene die seitens Dritter bereitgestellt wurden.<\/p>\n<p>Sollten Ihnen problematische oder rechtswidrige Inhalte auffallen, bitten wir Sie uns umgehend zu kontaktieren, Sie finden die Kontaktdaten im Impressum.<\/p>\n<p class=\"u-text u-text-2\">\n<p class=\"u-text u-text-2\">\n<\/div>\n<\/section>\n<section class=\"u-black u-clearfix u-section-5\" id=\"carousel_2b55\">\n<div class=\"u-clearfix u-sheet u-sheet-1\">\n<h5 class=\"u-text u-text-1\">HAFTUNG F\u00dcR LINKS AUF DIESER WEBSEITE<\/h5>\n<p class=\"u-text u-text-2\">Unsere Webseite enth\u00e4lt Links zu anderen Webseiten f\u00fcr deren Inhalt wir nicht verantwortlich sind. Haftung f\u00fcr verlinkte Websites besteht laut\u00a0<a href=\"https:\/\/www.ris.bka.gv.at\/Dokument.wxe?Abfrage=Bundesnormen&amp;Dokumentnummer=NOR40025813&amp;tid=221115879\" target=\"_blank\" rel=\"noopener nofollow\" class=\"u-active-none u-border-none u-btn u-button-style u-hover-none u-none u-text-palette-1-base u-btn-1\">\u00a7 17 ECG<\/a>\u00a0f\u00fcr uns nicht, da wir keine Kenntnis rechtswidriger T\u00e4tigkeiten hatten und haben, uns solche Rechtswidrigkeiten auch bisher nicht aufgefallen sind und wir Links sofort entfernen w\u00fcrden, wenn uns Rechtswidrigkeiten bekannt werden.<\/p>\n<p>Wenn Ihnen rechtswidrige Links auf unserer Website auffallen, bitten wir Sie uns zu kontaktieren, Sie finden die Kontaktdaten im Impressum.<\/p>\n<p class=\"u-text u-text-2\">\n<p class=\"u-text u-text-2\">\n<\/div>\n<\/section>\n<section class=\"u-black u-clearfix u-section-6\" id=\"carousel_8b01\">\n<div class=\"u-clearfix u-sheet u-valign-middle u-sheet-1\">\n<h5 class=\"u-text u-text-1\">URHEBERRECHTSHINWEIS<\/h5>\n<p class=\"u-text u-text-2\">Alle Inhalte dieser Webseite (Bilder, Fotos, Texte, Videos) unterliegen dem Urheberrecht. Falls notwendig, werden wir die unerlaubte Nutzung von Teilen der Inhalte unserer Seite rechtlich verfolgen.<\/p>\n<\/div>\n<\/section>\n<section class=\"u-black u-clearfix u-section-7\" id=\"carousel_ebce\">\n<div class=\"u-clearfix u-sheet u-valign-middle u-sheet-1\">\n<h5 class=\"u-text u-text-1\">Die Bilderrechte liegen bei den folgenden Fotografen und Unternehmen:<\/h5>\n<p class=\"u-text u-text-2\">Carinthia Alpine Shooters<\/p>\n<\/div>\n<\/section>\n<p>[\/et_pb_text][\/et_pb_column][\/et_pb_row][\/et_pb_section][et_pb_section fb_built=&#8220;1&#8243; admin_label=&#8220;Footer&#8220; _builder_version=&#8220;4.23.1&#8243; use_background_color_gradient=&#8220;on&#8220; background_color_gradient_stops=&#8220;#1f1f26 0%|rgba(31,31,38,0.71) 100%&#8220; background_color_gradient_overlays_image=&#8220;on&#8220; background_color_gradient_start=&#8220;#1f1f26&#8243; background_color_gradient_end=&#8220;rgba(31,31,38,0.71)&#8220; background_image=&#8220;http:\/\/cas-airsoft.at\/wp-content\/uploads\/2023\/12\/fog-7547298_1920.jpg&#8220; custom_margin=&#8220;||||false|false&#8220; custom_padding=&#8220;0vw||0px||false|false&#8220; saved_tabs=&#8220;all&#8220; locked=&#8220;off&#8220; global_colors_info=&#8220;{}&#8220;][et_pb_row column_structure=&#8220;1_2,1_2&#8243; admin_label=&#8220;Footer&#8220; _builder_version=&#8220;4.16&#8243; custom_padding=&#8220;0px||0px|||&#8220; box_shadow_style=&#8220;preset4&#8243; box_shadow_horizontal=&#8220;30vw&#8220; box_shadow_vertical=&#8220;0px&#8220; box_shadow_color=&#8220;#ffffff&#8220; global_colors_info=&#8220;{}&#8220;][et_pb_column type=&#8220;1_2&#8243; _builder_version=&#8220;4.16&#8243; custom_padding=&#8220;100px||||false|false&#8220; custom_padding_tablet=&#8220;|20px|||false|false&#8220; custom_padding_phone=&#8220;&#8220; custom_padding_last_edited=&#8220;on|phone&#8220; global_colors_info=&#8220;{}&#8220;][et_pb_text _builder_version=&#8220;4.23.1&#8243; header_2_font=&#8220;Prata||||||||&#8220; header_2_font_size=&#8220;40px&#8220; header_2_line_height=&#8220;1.6em&#8220; background_layout=&#8220;dark&#8220; header_2_font_size_tablet=&#8220;24px&#8220; header_2_font_size_phone=&#8220;22px&#8220; header_2_font_size_last_edited=&#8220;on|desktop&#8220; locked=&#8220;off&#8220; global_colors_info=&#8220;{}&#8220;]<\/p>\n<div class=\"et_pb_module et_pb_text et_pb_text_14  et_pb_text_align_left et_pb_bg_layout_dark\">\n<div class=\"et_pb_text_inner\">\n<h2>Kontaktiere uns!<\/h2>\n<\/div>\n<\/div>\n<div class=\"et_pb_module et_pb_text et_pb_text_15  et_pb_text_align_left et_pb_bg_layout_dark\">\n<div class=\"et_pb_text_inner\"><\/div>\n<\/div>\n<p>[\/et_pb_text][et_pb_button button_url=&#8220;http:\/\/cas-airsoft.at\/?page_id=227&#8243; button_text=&#8220;Zum Kontaktformular&#8220; _builder_version=&#8220;4.23.1&#8243; custom_button=&#8220;on&#8220; button_text_size=&#8220;12px&#8220; button_bg_color=&#8220;rgba(0,0,0,0)&#8220; button_border_width=&#8220;2px&#8220; button_border_color=&#8220;#ffffff&#8220; button_border_radius=&#8220;0px&#8220; button_letter_spacing=&#8220;2.6px&#8220; button_font=&#8220;|700||on|||||&#8220; background_layout=&#8220;dark&#8220; custom_margin=&#8220;40px||||false|false&#8220; custom_margin_tablet=&#8220;&#8220; custom_margin_phone=&#8220;&#8220; custom_margin_last_edited=&#8220;on|phone&#8220; custom_padding=&#8220;20px|40px|20px|40px|true|true&#8220; button_bg_color_last_edited=&#8220;off|desktop&#8220; locked=&#8220;off&#8220; global_colors_info=&#8220;{}&#8220; button_bg_color__hover_enabled=&#8220;on|hover&#8220; button_bg_color__hover=&#8220;#ffffff&#8220; button_bg_enable_color__hover=&#8220;on&#8220; button_text_color__hover_enabled=&#8220;on|hover&#8220; button_text_color__hover=&#8220;#000000&#8243;][\/et_pb_button][et_pb_text _builder_version=&#8220;4.23.1&#8243; text_font=&#8220;Prata||||||||&#8220; text_font_size=&#8220;22px&#8220; text_line_height=&#8220;1.8em&#8220; link_text_color=&#8220;#bea88f&#8220; header_4_font=&#8220;Open Sans|700||on|||||&#8220; header_4_font_size=&#8220;12px&#8220; header_4_letter_spacing=&#8220;2.6px&#8220; header_4_line_height=&#8220;1.6em&#8220; background_layout=&#8220;dark&#8220; max_width=&#8220;250px&#8220; custom_margin=&#8220;||||false|false&#8220; custom_margin_phone=&#8220;60px||||false|false&#8220; custom_margin_last_edited=&#8220;off|phone&#8220; text_font_size_tablet=&#8220;18px&#8220; text_font_size_phone=&#8220;16px&#8220; text_font_size_last_edited=&#8220;on|phone&#8220; link_font_size_tablet=&#8220;20px&#8220; link_font_size_last_edited=&#8220;off|desktop&#8220; locked=&#8220;off&#8220; global_colors_info=&#8220;{}&#8220; text_font_size__hover_enabled=&#8220;off|desktop&#8220;]<\/p>\n<h4>Telefon<\/h4>\n<div class=\"et_pb_module et_pb_text et_pb_text_15  et_pb_text_align_left et_pb_bg_layout_dark\">\n<div class=\"et_pb_text_inner\">\n<p>+43 676 4354996<\/p>\n<\/div>\n<\/div>\n<div class=\"et_pb_module et_pb_text et_pb_text_16  et_pb_text_align_left et_pb_bg_layout_dark\">\n<div class=\"et_pb_text_inner\"><\/div>\n<\/div>\n<p>[\/et_pb_text][et_pb_text _builder_version=&#8220;4.23.1&#8243; text_font=&#8220;Prata||||||||&#8220; text_font_size=&#8220;22px&#8220; text_line_height=&#8220;1.8em&#8220; link_text_color=&#8220;#bea88f&#8220; header_4_font=&#8220;Open Sans|700||on|||||&#8220; header_4_font_size=&#8220;12px&#8220; header_4_letter_spacing=&#8220;2.6px&#8220; header_4_line_height=&#8220;1.6em&#8220; background_layout=&#8220;dark&#8220; max_width=&#8220;250px&#8220; custom_margin=&#8220;||||false|false&#8220; text_font_size_tablet=&#8220;18px&#8220; text_font_size_phone=&#8220;16px&#8220; text_font_size_last_edited=&#8220;on|phone&#8220; locked=&#8220;off&#8220; global_colors_info=&#8220;{}&#8220;]<\/p>\n<h4>Adresse<\/h4>\n<p>Neulandstra\u00dfe 16<\/p>\n<p>9800, Spittal a. d. Drau<\/p>\n<p>\u00d6sterreich<\/p>\n<p>[\/et_pb_text][\/et_pb_column][et_pb_column type=&#8220;1_2&#8243; _builder_version=&#8220;4.16&#8243; background_color=&#8220;#ffffff&#8220; transform_translate=&#8220;1px|0px&#8220; transform_translate_linked=&#8220;off&#8220; custom_padding=&#8220;|60px|60px|60px|false|true&#8220; custom_padding_tablet=&#8220;|0px||30px|false|false&#8220; custom_padding_phone=&#8220;|0px||20px|false|false&#8220; custom_padding_last_edited=&#8220;on|tablet&#8220; global_colors_info=&#8220;{}&#8220;][et_pb_image src=&#8220;http:\/\/cas-airsoft.at\/wp-content\/uploads\/2023\/11\/DSC08936-2-scaled.jpg&#8220; title_text=&#8220;DSC08936&#8243; _builder_version=&#8220;4.23.1&#8243; custom_margin=&#8220;|-50%|40px|-60px|false|false&#8220; custom_margin_tablet=&#8220;|0px|40px|-30px|false|false&#8220; custom_margin_phone=&#8220;|||-20px|false|false&#8220; custom_margin_last_edited=&#8220;on|phone&#8220; global_colors_info=&#8220;{}&#8220;][\/et_pb_image][et_pb_button button_url=&#8220;http:\/\/cas-airsoft.at\/?page_id=198&#8243; button_text=&#8220;Impressum&#8220; _builder_version=&#8220;4.23.1&#8243; custom_button=&#8220;on&#8220; button_text_size=&#8220;12px&#8220; button_text_color=&#8220;#000000&#8243; button_bg_color=&#8220;rgba(0,0,0,0)&#8220; button_border_width=&#8220;0px&#8220; button_border_radius=&#8220;0px&#8220; button_letter_spacing=&#8220;2.6px&#8220; button_font=&#8220;|700||on|||||&#8220; custom_padding=&#8220;|||0px|false|false&#8220; locked=&#8220;off&#8220; global_colors_info=&#8220;{}&#8220;][\/et_pb_button][et_pb_button button_url=&#8220;http:\/\/cas-airsoft.at\/?page_id=201&#8243; button_text=&#8220;Datenschutzerkl\u00e4rung&#8220; _builder_version=&#8220;4.23.1&#8243; custom_button=&#8220;on&#8220; button_text_size=&#8220;12px&#8220; button_text_color=&#8220;#000000&#8243; button_bg_color=&#8220;rgba(0,0,0,0)&#8220; button_border_width=&#8220;0px&#8220; button_border_radius=&#8220;0px&#8220; button_letter_spacing=&#8220;2.6px&#8220; button_font=&#8220;|700||on|||||&#8220; custom_padding=&#8220;|||0px|false|false&#8220; locked=&#8220;off&#8220; global_colors_info=&#8220;{}&#8220;][\/et_pb_button][\/et_pb_column][\/et_pb_row][\/et_pb_section]<\/p>\n","protected":false},"excerpt":{"rendered":"<p>ImpressumInformationspflicht laut \u00a75 E-Commerce Gesetz, \u00a714 Unternehmensgesetzbuch, \u00a763 Gewerbeordnung und Offenlegungspflicht laut \u00a725 Mediengesetz Carinthia Alpine ShootersZVR:\u00a01663264399 Neulandstra\u00dfe 16, T\u00fcr 13,9800 Spittal an der Drau,\u00d6sterreich Organschaftliche VertreterObmann\/Obfrau: Efferl ReneObmann\/Obfrau Stellvertreter: Vilgut David Vereinssitz:\u00a09800 Spittal an der DrauE-Mail:\u00a0office@carinthiaalpineshooters.at Zust\u00e4ndige Beh\u00f6rde:\u00a0BH Spittal an der Drau &nbsp; &nbsp; &nbsp; &nbsp; EU-STREITSCHLICHTUNG Gem\u00e4\u00df Verordnung \u00fcber Online-Streitbeilegung in Verbraucherangelegenheiten (ODR-Verordnung) [&hellip;]<\/p>\n","protected":false},"author":1,"featured_media":0,"parent":0,"menu_order":0,"comment_status":"closed","ping_status":"closed","template":"","meta":{"_et_pb_use_builder":"on","_et_pb_old_content":"","_et_gb_content_width":"","footnotes":""},"class_list":["post-198","page","type-page","status-publish","hentry"],"_links":{"self":[{"href":"https:\/\/cas-airsoft.at\/index.php?rest_route=\/wp\/v2\/pages\/198","targetHints":{"allow":["GET"]}}],"collection":[{"href":"https:\/\/cas-airsoft.at\/index.php?rest_route=\/wp\/v2\/pages"}],"about":[{"href":"https:\/\/cas-airsoft.at\/index.php?rest_route=\/wp\/v2\/types\/page"}],"author":[{"embeddable":true,"href":"https:\/\/cas-airsoft.at\/index.php?rest_route=\/wp\/v2\/users\/1"}],"replies":[{"embeddable":true,"href":"https:\/\/cas-airsoft.at\/index.php?rest_route=%2Fwp%2Fv2%2Fcomments&post=198"}],"version-history":[{"count":8,"href":"https:\/\/cas-airsoft.at\/index.php?rest_route=\/wp\/v2\/pages\/198\/revisions"}],"predecessor-version":[{"id":316,"href":"https:\/\/cas-airsoft.at\/index.php?rest_route=\/wp\/v2\/pages\/198\/revisions\/316"}],"wp:attachment":[{"href":"https:\/\/cas-airsoft.at\/index.php?rest_route=%2Fwp%2Fv2%2Fmedia&parent=198"}],"curies":[{"name":"wp","href":"https:\/\/api.w.org\/{rel}","templated":true}]}}